s 0 + 1003133?
1003133
In base 6, what is 3210 - 2415?
351
In base 16, what is -101cd - -2?
-101cb
In base 7, what is 1436 + -51?
1355
In base 9, what is 21881 + -18?
21862
In base 3, what is -2 - -112201211211?
112201211202
In base 14, what is 1d07 - 13d?
1ba8
In base 9, what is 10 + -17514?
-17504
In base 16, what is ca0 + -1f4?
aac
In base 5, what is 42021442 - 10?
42021432
In base 10, what is -4 - 999?
-1003
In base 4, what is -123102112 - 10?
-123102122
In base 2, what is 1 - -111001000101101?
111001000101110
In base 5, what is -32221 + -2431?
-40202
In base 16, what is -27 - 205b7?
-205de
In base 13, what is -39 - -611?
5a5
In base 9, what is 8038 + 12?
8051
In base 7, what is 121 - -4511?
4632
In base 9, what is 10686 + -2?
10684
In base 2, what is -1010101010000111 + 11?
-1010101010000100
In base 4, what is -11103112030 - -2?
-11103112022
In base 16, what is -422e1 - 0?
-422e1
In base 6, what is 4 + 3401155?
3401203
In base 9, what is 12078 - -20?
12108
In base 14, what is -2 + -62cc3?
-62cc5
In base 10, what is -6 + -54639?
-54645
In base 15, what is -ac82 - 6?
-ac88
In base 12, what is -5 - -1952?
1949
In base 9, what is -17531 + 3?
-17527
In base 9, what is -12060 - 0?
-12060
In base 13, what is -3 + c207?
c204
In base 8, what is -61261 + -55?
-61336
In base 8, what is 2 - 62726?
-62724
In base 16, what is 103b - 36?
1005
In base 8, what is 151 - -572?
743
In base 6, what is -12154110 - 4?
-12154114
In base 16, what is -6 - -2d92?
2d8c
In base 15, what is -1e3 + -294?
-487
In base 5, what is 12441 - 100?
12341
In base 2, what is -11000001010101 - -110?
-11000001001111
In base 15, what is aa9 - -23b?
ce5
In base 10, what is -1 - 227392?
-227393
In base 10, what is 2840 - -367?
3207
In base 11, what is 487 - 8989?
-8502
In base 16, what is 2 + 317e9?
317eb
In base 5, what is -1203233143 - 1?
-1203233144
In base 11, what is 1121 + 4?
1125
In base 14, what is 3 + d39da?
d39dd
In base 2, what is 1011 - 1101110?
-1100011
In base 13, what is c30 + -43?
bba
In base 15, what is 11 + -19a79?
-19a68
In base 16, what is -1670 - -14?
-165c
In base 8, what is 10 + -24677?
-24667
In base 8, what is -171 + 222?
31
In base 7, what is 51253 - -4?
51260
In base 5, what is -1 - 10304400?
-10304401
In base 12, what is -1 + 123163?
123162
In base 12, what is 277 - 52?
225
In base 4, what is 2330 + -1230133?
-1221203
In base 8, what is 130 - 6224?
-6074
In base 13, what is -4 + 9418?
9414
In base 3, what is 220002220000 + 11?
220002220011
In base 6, what is -4411350 + -11?
-4411401
In base 12, what is 14 + -23a5?
-2391
In base 12, what is -56903 - -2?
-56901
In base 4, what is -113320 - -111300?
-2020
In base 16, what is -67 - 41c?
-483
In base 3, what is -2110 - 201211?
-211021
In base 3, what is -20 + 10012012221?
10012012201
In base 13, what is 237a9 - -1?
237aa
In base 15, what is 6b - 233?
-1b7
In base 12, what is -4659 + -2?
-465b
In base 13, what is 3 + -4b67?
-4b64
In base 4, what is 10111202133 - 3?
10111202130
In base 3, what is -2 - -21010120010?
21010120001
In base 3, what is -1011201002 + 201?
-1011200101
In base 12, what is bbb + -70?
b4b
In base 13, what is 2ba5 - 1?
2ba4
In base 7, what is -1 + -15014?
-15015
In base 11, what is 25 + 1434?
1459
In base 13, what is -2 + -11b02?
-11b04
In base 6, what is -5144425 + 2?
-5144423
In base 4, what is 11 - 2333212011?
-2333212000
In base 10, what is 271 + 5?
276
In base 6, what is 5051 + 1150?
10241
In base 2, what is 110001100001010 - 100?
110001100000110
In base 10, what is 12 + 30867?
30879
In base 3, what is -21022120102000 + -10?
-21022120102010
In base 9, what is -257 + 588?
331
In base 14, what is -5c748 - -5?
-5c743
In base 16, what is 1bd7f - -2?
1bd81
In base 16, what is -911 - -e?
-903
In base 16, what is 709 - 73?
696
In base 2, what is -10111110010 - -11110?
-10111010100
In base 13, what is -34cb1 - 0?
-34cb1
In base 8, what is 31 - 5541?
-5510
In base 5, what is 1 + 3023002?
3023003
In base 14, what is -84 - 22?
-a6
In base 7, what is 150 + 516?
666
In base 14, what is 5 + 1807d3?
1807d8
In base 15, what is de + -33?
ab
In base 8, what is -4 + 27403?
27377
In base 12, what is 3378397 - -2?
3378399
In base 16, what is 0 + -28eb?
-28eb
In base 5, what is -310043 - -31?
-310012
In base 8, what is 14 - -375576?
375612
In base 8, what is -160773 - 5?
-161000
In base 10, what is 73 + 163?
236
In base 13, what is 236c7 + -4?
236c3
In base 5, what is -31 + 2010211?
2010130
In base 16, what is -19 + 1eb8?
1e9f
In base 2, what is 11011100010 - 1000111000111?
-101011100101
In base 16, what is -af4dd + 5?
-af4d8
In base 6, what is -23 - -54110?
54043
In base 6, what is -320313 + -103?
-320420
In base 12, what is -15 - 30736?
-3074b
In base 11, what is 1 + -36325?
-36324
In base 2, what is -101 - 1100111101110011001?
-1100111101110011110
In base 15, what is b - 18a0?
-1894
In base 16, what is -292c - -50?
-28dc
In base 9, what is -2 - 648615?
-648617
In base 10, what is 555460 + -1?
555459
In base 15, what is 3 - -1538?
153b
In base 4, what is -3202101 - 301?
-3203002
In base 5, what is -102421100 - 1?
-102421101
In base 15, what is 461e + -6?
4618
In base 8, what is -25116 - -263?
-24633
In base 15, what is 13 + 4b0?
4c3
In base 2, what is 1001011010111100101 + 11?
1001011010111101000
In base 7, what is -531 + -520?
-1351
In base 4, what is 231321 - -1133?
233120
In base 8, what is -7 - -364534?
364525
In base 14, what is 9d63 + 4?
9d67
In base 4, what is 32221131 + 223?
32222020
In base 5, what is -14 + -10202?
-10221
In base 10, what is 20 + 446?
466
In base 14, what is 229b6 + -2?
229b4
In base 11, what is 1 + -22039?
-22038
In base 4, what is 112011 - -1112?
113123
In base 6, what is -232 + 451?
215
In base 11, what is 32 + 1804?
1836
In base 8, what is -1546 - 36?
-1604
In base 13, what is -11b3b8 + 1?
-11b3b7
In base 15, what is 77 - -2471?
24e8
In base 10, what is 184 - 1730?
-1546
In base 14, what is -67662 + -2?
-67664
In base 6, what is -24124 + -10?
-24134
In base 7, what is 3121064 - -2?
3121066
In base 6, what is -120101 + 3?
-120054
In base 14, what is -5 - -165b77?
165b72
In base 14, what is 1 - -b8322?
b8323
In base 8, what is 5 + -206264?
-206257
In base 16, what is -b - -1a9aa?
1a99f
In base 14, what is -2a + -341?
-36b
In base 15, what is 3 - 77a7?
-77a4
In base 4, what is -232023 + 3?
-232020
In base 5, what is 342130 - -131?
342311
In base 8, what is 7711 + 125?
10036
In base 13, what is -2 + 13ccba?
13ccb8
In base 2, what is -101000 + -10001000100?
-10001101100
In base 2, what is -100101010 - 10111001100?
-11011110110
In base 12, what is -224235 + 4?
-224231
In base 14, what is 6 + -2422?
-241a
In base 5, what is 30424 - 200?
30224
In base 3, what is -10 - -22112102100?
22112102020
In base 8, what is 15033 + -11?
15022
In base 4, what is -1 - 1211323?
-1211330
In base 12, what is -1040a3 - 16?
-1040b9
In base 16, what is -27e + -14ec?
-176a
In base 10, what is 6964 + 5?
6969
In base 9, what is -1 - 57603?
-57604
In base 2, what is 110101 + -10001110111011?
-10001110000110
In base 15, what is -398 - -4d?
-34a
In base 14, what is 93231 + -4?
9322b
In base 10, what is 17939 + -2?
17937
In base 7, what is -5 - -400324?
400316
In base 6, what is 4 + 52215?
52223
In base 16, what is -4 + 1899c?
18998
In base 2, what is 1000011000011 + -101001?
1000010011010
In base 11, what is 4358 + 21?
4379
In base 2, what is -11010011101 - 10100010?
-11100111111
In base 5, what is -2 - -3143333?
3143331
In base 3, what is 11 + -2102220122?
-2102220111
In base 4, what is -2 - -13200321?
13200313
In base 9, what is -520 + 61?
-448
In base 7, what is -3 + -41545?
-41551
In base 8, what is -5 + -1546663?
-1546670
In base 6, what is 3115015 - 4?
3115011
In base 14, what is -107a6 + 5?
-107a1
In base 7, what is 14321240 - -3?
14321243
In base 12, what is -3767 + -59?
-3804
In base 8, what is 11 - 5106?
-5075
In base 16, what is 5f0 + -43c?
1b4
In base 4, what is 12320232110 - 11?
12320232033
In base 9, what is -43 + -162?
-215
In base 3, what is 10 - -10001002?
10001012
In base 4, what is -2320232 + 113?
-2320113
In base 11, what is -2510 + 259?
-2262
In base 13, what is 357bc - -4?
357c3
In base 8, what is -7 + 5255?
5246
In base 13, what is 2 + 4357c?
43581
In base 13, what is b7 - b55?
-a6b
